et f(b) = 3*b**2 + 94*b + 476. Calculate f(-5).
81
Let h(c) = -c**2 - 441*c - 23179. What is h(-61)?
1
Let m(b) = -b**3 + 11*b**2 - 19*b + 76. Give m(9).
67
Let v(i) = -2*i**3 - 57*i**2 - 43*i + 624. Give v(-27).
-402
Let c(s) = 22*s + 705. What is c(-33)?
-21
Let r(s) = -3*s**2 + 227*s + 2003. Determine r(-8).
-5
Let m(k) = -k**3 - 51*k**2 + 53*k - 2796. Give m(-53).
13
Let z(d) = d**3 + 17*d**2 - 28*d - 175. What is z(-18)?
5
Let y(c) = -966*c + 14494. Give y(15).
4
Let q(j) = 55*j**2 - 111*j - 2. Determine q(2).
-4
Let d(y) = -y**3 + 16*y**2 - 14*y - 31. What is d(10)?
429
Let l(h) = -15*h**2 - 492*h - 828. What is l(-31)?
9
Let s(w) = 8*w**2 - w - 6. Determine s(-4).
126
Let o(g) = -12*g**3 + 8*g**2 - 3*g - 2. Determine o(3).
-263
Let z(h) = -98*h + 14. What is z(2)?
-182
Let l(d) = -d**3 - 326*d**2 - 3173*d - 4106. Determine l(-316).
2
Let g(j) = 169*j + 9752. Calculate g(-58).
-50
Let c(n) = 8*n - 371. Give c(45).
-11
Let x(b) = -b**3 + 65*b**2 - 781*b + 474. Give x(15).
9
Let i(j) = -j**2 + 13*j + 13. Determine i(10).
43
Let x(y) = -5*y**2 + 89*y + 342. Determine x(-4).
-94
Let l(i) = -8*i**3 + 2*i**2 - 6*i + 15. What is l(2)?
-53
Let w(f) = -103*f - 175. Give w(-5).
340
Let w(y) = -y**3 + 5*y**2 - 33*y + 10. Determine w(-7).
829
Let c(g) = g**2 - 160*g + 5911. Calculate c(102).
-5
Let a(c) = 26*c - 1299. What is a(50)?
1
Let t(v) = v**2 - 626*v - 26648. Give t(-40).
-8
Let i(k) = k**3 + 39*k**2 + 245*k - 98. Give i(-31).
-5
Let r(n) = -2*n**3 - 12*n**2 + 50*n - 8. Give r(-9).
28
Let v(d) = -5*d**2 - 61*d - 46. Calculate v(-11).
20
Let z(v) = -4*v + 37. What is z(52)?
-171
Let t(h) = 2*h**2 + 179*h - 132. What is t(-90)?
-42
Let p(x) = -x**2 + 39*x - 359. Calculate p(19).
21
Let g(s) = -253*s - 8863. Calculate g(-35).
-8
Let w(m) = m**2 - 9072*m + 9071. What is w(1)?
0
Let d(l) = -l**3 - 19*l**2 + 360*l + 54. Give d(12).
-90
Let r(a) = -42*a + 126. Determine r(6).
-126
Let f(h) = -h**2 + 46*h + 511. Determine f(-10).
-49
Let m(z) = -2*z**2 + 138*z - 13. What is m(65)?
507
Let o(h) = h**3 - 402*h**2 - 1677*h + 21521. Give o(406).
3
Let x(p) = 331*p + 4599. Calculate x(-14).
-35
Let t(d) = 55*d**2 + 549*d - 13. What is t(-10)?
-3
Let h(r) = -r**2 - 25*r + 108. What is h(0)?
108
Let v(j) = j**2 + 116*j + 356. Determine v(-3).
17
Let y(g) = g**2 + 34*g + 166. What is y(-6)?
-2
Let j(m) = m**3 - 38*m**2 + 26*m + 401. What is j(37)?
-6
Let l(j) = -123*j + 814. What is l(7)?
-47
Let y(i) = 61*i + 114. What is y(-2)?
-8
Let m(l) = -l**3 - 56*l**2 - 70*l + 12. Determine m(-55).
837
Let o(b) = -118*b - 18655. Give o(-158).
-11
Let y(v) = 47*v - 364. Give y(6).
-82
Let g(w) = 3*w**2 - 31*w + 76. Calculate g(14).
230
Let w(z) = -3*z**3 + z**2 + 31*z + 40. Calculate w(4).
-12
Let v(q) = -506*q + 4573. Calculate v(9).
19
Let w(i) = i**3 - 38*i**2 - 39*i - 3. What is w(39)?
-3
Let k(g) = -241*g + 168. Determine k(0).
168
Let q(w) = 228*w - 1616. Calculate q(7).
-20
Let i(n) = n**3 - 44*n**2 - 36*n - 58. Determine i(45).
347
Let g(b) = b**2 + 51*b + 301. Determine g(-59).
773
Let r(o) = -o**3 - 80*o**2 - 47*o + 2466. Calculate r(-79).
-62
Let n(s) = -s**2 - 5*s + 50. What is n(-9)?
14
Let p(c) = 86*c + 95. Give p(-1).
9
Let h(t) = 2*t**2 + 139*t + 827. What is h(-63)?
8
Let o(g) = 26*g**2 - 56*g - 52. Give o(-1).
30
Let b(k) = -36*k + 214. Determine b(8).
-74
Let o(f) = 9*f**2 - 945*f - 1003. Determine o(106).
-49
Let x(n) = -213*n**3 + n**2 + n + 1. Determine x(-1).
214
Let u(t) = -309*t - 1057. Give u(-4).
179
Let g(n) = -69*n**2 + 231*n + 179. Give g(4).
-1
Let l(p) = -89*p - 551. What is l(-6)?
-17
Let p(s) = 2*s**3 + 13*s**2 + 21*s + 67. What is p(-5)?
37
Let m(o) = -2*o**3 + 4*o**2 - 13*o + 72. Determine m(4).
-44
Let j(p) = 66*p - 585. Determine j(9).
9
Let t(p) = -p**3 - 6*p**2 - 11*p - 11. Calculate t(-5).
19
Let d(k) = -8*k + 612. Calculate d(83).
-52
Let x(m) = -8*m**2 + 12*m - 36. Calculate x(3).
-72
Let a(b) = 51*b - 677. Determine a(18).
241
Let d(k) = k**2 - 38*k - 228. Determine d(-7).
87
Let f(n) = -223*n - 2720. Determine f(-12).
-44
Let f(a) = -2*a**3 + 19*a**2 - 30*a + 19. Calculate f(8).
-29
Let x(j) = j**2 - 41*j + 14. Determine x(39).
-64
Let a(t) = t**3 - 19*t + 52. Determine a(3).
22
Let r(l) = 186*l + 1525. What is r(-8)?
37
Let z(a) = 2*a**2 + 44*a + 80. What is z(0)?
80
Let g(d) = d**3 + 24*d**2 - 219*d + 12. Give g(7).
-2
Let h(g) = -g**2 + 24*g + 804. Calculate h(36).
372
Let c(x) = -x**2 - 69*x - 85. Determine c(-68).
-17
Let q(f) = -8*f**2 + 95*f + 2. Calculate q(12).
-10
Let k(l) = l**3 + 9*l**2 - 2*l + 12. Determine k(-8).
92
Let r(m) = -m**3 + 47*m**2 + 696*m + 711. Give r(59).
3
Let d(b) = -b**3 - 6*b**2 - 8*b + 6. What is d(-2)?
6
Let n(y) = -y**3 + 44*y**2 + 2*y - 1921. Determine n(43).
14
Let l(m) = 18*m - 150. What is l(15)?
120
Let q(n) = -n**3 + 108*n**2 - 2516*n + 5. What is q(74)?
5
Let y(n) = 7*n**3 - 31*n**2 - 124*n - 6. Calculate y(-5).
-1036
Let p(w) = w**2 + 12*w - 41. Give p(-11).
-52
Let a(i) = -27*i - 69. Give a(-6).
93
Let d(f) = -2*f**2 - 13*f - 18. Determine d(7).
-207
Let r(g) = -g**2 - 21*g - 63. Give r(-14).
35
Let p(t) = -215*t - 1284. What is p(-6)?
6
Let t(n) = 640*n + 3830. What is t(-6)?
-10
Let a(y) = -286*y + 2420. Determine a(7).
418
Let n(h) = 85*h**3 - 11*h - 9. Calculate n(-1).
-83
Let i(k) = -3*k**2 + 2*k + 184. Give i(8).
8
Let d(g) = 44*g + 1997. Determine d(-46).
-27
Let m(p) = -3*p**3 - 7*p**2 + 8*p - 18. Calculate m(-8).
1006
Let y(f) = f**2 + 13*f - 277. Give y(11).
-13
Let d(x) = x**2 + 34*x + 174. What is d(-28)?
6
Let y(g) = 7654*g + 45882. Give y(-6).
-42
Let f(v) = -12*v**2 - 370*v + 76. Determine f(-31).
14
Let x(i) = i**3 - 10*i**2 + 12*i + 12. Calculate x(9).
39
Let j(v) = -510*v + 7132. What is j(14)?
-8
Let g(b) = -2*b**2 + 94*b + 5114. What is g(79)?
58
Let r(t) = -t**3 - 18*t**2 + 14*t + 28. Give r(-19).
123
Let i(q) = 57*q - 2219. Determine i(39).
4
Let w(g) = 2*g**3 + 46*g**2 + 262*g + 140. Calculate w(-14).
0
Let r(t) = -2*t**2 - 86*t + 413. What is r(-48)?
-67
Let q(o) = -2*o**3 - 17*o**2 + 4*o + 29. Calculate q(-10).
289
Let k(f) = 6*f + 55. What is k(-11)?
-11
Let y(m) = 2*m**2 + 2153*m - 12970. What is y(6)?
20
Let g(v) = -24*v + 453. What is g(18)?
21
Let k(b) = 6*b**2 - 222*b - 83. Calculate k(36).
-299
Let g(a) = -15*a + 312. Calculate g(17).
57
Let w(d) = 388*d + 6209. Determine w(-16).
1
Let n(d) = -4*d**3 + 14*d**2 - 7. What is n(4)?
-39
Let s(t) = 5*t + 40. Determine s(-21).
-65
Let d(h) = -h**2 + 693*h + 9179. Give d(-13).
1
Let s(r) = 3*r**3 + 82*r**2 + 106*r. Give s(-26).
-52
Let q(d) = -d**2 - 44*d - 84. Give q(-42).
0
Let c(y) = -105*y**2 + 256*y - 5. Calculate c(2).
87
Let f(p) = -377*p + 2633. Calculate f(7).
-6
Let w(u) = 81*u**2 - 331*u + 16. Give w(4).
-12
Let h(t) = -188*t + 7513. Calculate h(40).
-7
Let a(l) = -2*l**3 + 11*l**2 - 74*l + 249. Determine a(4).
1
Let c(g) = 402*g**2 - 1598*g - 4. What is c(4)?
36
Let y(r) = 2*r + 177. What is y(6)?
189
Let g(m) = 12*m**2 + 418*m - 417. What is g(1)?
13
Let l(u) = -u**3 + 8*u**2 + 18*u - 47. Give l(7).
128
Let s(j) = j**3 + 8*j**2 - 71*j - 513. Determine s(-6).
-15
Let s(o) = -o**3 - 7*o**2 - 7*o - 20. Determine s(-6).
-14
Let v(x) = 4*x**3 - 13*x**2 - 77*x - 6. Determine v(-4).
-162
Let m(b) = b**2 - 20*b - 73. Give m(23).
-4
Let i(g) = 39*g + 8. Give i(-1).
-31
Let t(l) = 3*l**2 - 116*l + 1032. Give t(25).
7
Let s(m) = m**3 + 54*m**2 + 288*m + 10. Calculate s(-48).
10
Let g(m) = 88*m - 263. Give g(3).
1
Let u(r) = r**3 + 51*r**2 - 49*r - 35. Give u(-52).
-191
Let c(w) = -3*w**3 - 108*w**2 - w - 70. Give c(-36).
-34
Let o(y) = -52*y - 458. Give o(-10).
62
Let a(b) = b**3 + 4*b**2 - 39*b + 58. Give a(-9).
4
Let p(m) = m**3 + 19*m**2 + 23*m + 88. Give p(-18).
-2
Let x(u) = -1332*u + 2666. Calculate x(2).
2
Let q(j) = -72*j - 631. Calculate q(-9).
17
Let x(p) = -41*p**2 + 1231*p - 62. Give x(30).
-32
Let n(m) = -10*m + 293. Determine n(22).
73
Let j(a) = -35*a + 510. What is j(15)?
-15
Let n(h) = 18*h**2 + 237*h + 49. What is n(-13)?
10
Let w(a) = a**3 + 8*a**2 - 39*a - 168. What is w(-10)?
22
Let h(a) = 205*a - 1219. What is h(6)?
11
Let q(h) = -h**3 - 15*h**2 - 193*h - 2170. Determine q(-13).
1
Let k(n) = 2*n**2 - 43*n + 226. Calculate k(12).
-2
Let u(c) = -3*c**2 + 641*c + 1933. What is u(